f 1342*(3/6)/(-2 + g)?
1
Suppose j = -115 - 126. Let a = 520 + j. What is the tens digit of a?
7
Let z = -19 - -24. Suppose 0 = -s + p + 2, z*s - 3*p = 13 + 1. Suppose -5*n - 4*r - 6 = -27, 2*r + 22 = s*n. What is the units digit of n?
5
What is the units digit of 9*2299/33 - -13?
0
Let o be (165/110)/((-6)/(-28)). Suppose -o*f + 5*f - 2*c + 1108 = 0, -f - 3*c + 558 = 0. What is the hundreds digit of f?
5
Let t be 1*76/2*(-935)/(-110). Let c = 505 - t. What is the tens digit of c?
8
Suppose -l + 5179 = 2*u - 0*l, -2*u - 3*l = -5177. Let i = 3867 - u. What is the tens digit of i?
7
Suppose -4*l = 4*y - 33680, -33*l - y - 25264 = -36*l. What is the units digit of l?
1
Suppose -8*u - 1681 = -5625. Suppose -1583 = -5*p - u. Let d = p - 86. What is the hundreds digit of d?
1
Let v be ((-2)/5)/((-14)/(-24990)*-7). Let h = -91 + v. What is the units digit of h?
1
Let u = -701 - -696. What is the tens digit of 138 - 27/(8 + u)?
2
Let f be 0/2 + -88 + 0 + -2. Let c = 95 + f. Let i(x) = 17*x + 6. What is the tens digit of i(c)?
9
Let i(m) = -6655*m + 118. What is the thousands digit of i(-1)?
6
Let d(z) = -598*z - 2432. What is the hundreds digit of d(-21)?
1
Let q be ((-1)/((-14)/228))/((-7)/196). Let s = q - -873. What is the hundreds digit of s?
4
Suppose 17830 = -2*l + 3*h, -2*l + 30*h = 28*h + 17834. What is the units digit of (1/(-3) + l/66)*-2?
1
Suppose 0*j - 3*j = -5069 - 4693. What is the units digit of j?
4
Suppose -2*s + 2*p = -94786, 8*s + 5*p + 47381 = 9*s. What is the tens digit of s?
9
What is the ten thousands digit of -1 + (-33708)/(-2) + -4?
1
Let w be (0 - -1)/(11/33979). Suppose 0 = -18*o + 1807 + w. What is the tens digit of o?
7
Let n be 28/20 - 3/(-5). Suppose -3*d - 2*g = -4*g, 2*d + 5*g - 19 = 0. Suppose f - 66 = -4*y, -194 = -n*f - 2*f - d*y. What is the units digit of f?
6
Let x be 0 + 1/(-4 + 615/153). Let f = x - 40. Let i(r) = 3*r**2 - 18*r + 1. What is the hundreds digit of i(f)?
1
Let l(c) = c**2 + 4*c + 3. Let z be l(-7). What is the tens digit of 6978/z + 3/12*1?
9
Suppose 12*c - 300825 = 3*c - 3*q, -5*c + 167105 = -5*q. What is the ten thousands digit of c?
3
Suppose 3*b - 8 = 4*x, 12*b + 5*x + 11 = 16*b. Suppose b*v - 5*s - 253 - 870 = 0, -5*v - s + 1440 = 0. What is the tens digit of v?
8
Let y(i) = -2*i**3 - 12*i**2 + 2*i - 5. Let w(o) = o**3 + 11*o**2 - 3*o + 5. Let h(r) = -7*w(r) - 6*y(r). What is the tens digit of h(2)?
3
Suppose 32 = 5*g + 5*o + 2, 2*g + 3*o - 8 = 0. Suppose 65 - g = w. Suppose h + 20 = w. What is the tens digit of h?
3
Let n(b) = -2*b + 2. Let l be n(-5). Suppose 4*m - 112 = -2*q, -2*m - 11 = 2*q - 63. What is the units digit of 5*l*27/m?
4
Suppose 3*n + 3*s - 16 = 32, -3*n - 2*s = -50. Let w = 224 - n. What is the tens digit of w?
0
Let z(t) = 3*t**3 - 42*t**2 - 25*t - 112. Let s(g) = 2*g**3 - 28*g**2 - 17*g - 75. Let c(q) = 7*s(q) - 5*z(q). What is the tens digit of c(12)?
9
Let r = 5117 - -5508. What is the units digit of r?
5
Suppose 5*x + 26*x - 32*x = -16804. What is the tens digit of x?
0
Let p = -37830 - -63301. What is the tens digit of p?
7
Suppose -7*l - 4352 = -2*g - 11*l, 2*g = 2*l + 4394. What is the tens digit of g?
9
Suppose 3117 + 41268 = 11*z + 4*z. What is the hundreds digit of z?
9
Let k = -15373 - -21740. What is the hundreds digit of k?
3
Let a(y) = 5*y - 1 - 6*y + 5*y + 5*y. Let m be a(18). Let q = m - 98. What is the tens digit of q?
6
Suppose 17318 = 2*s + 10*o, -4*s - 6*o + 34551 = -3*o. What is the thousands digit of s?
8
Suppose -179191 = -3*m - 4*p, -131742 - 166953 = -5*m + 2*p. What is the hundreds digit of m?
7
Let d(a) = -9348*a + 7551. What is the hundreds digit of d(-9)?
6
What is the tens digit of ((-5908)/(-35))/((-9)/15*(-7)/42)?
8
What is the tens digit of -14441*(39/(-91))/(3 + -2)?
8
Suppose 2*g + 3*o = 8*o + 15985, 5*o - 16035 = -2*g. What is the units digit of g?
5
Let a(j) = -3*j**2 - 2*j + 2. Let f be a(2). Let n(k) = k**2 + 15*k + 20. Let m be n(f). Let r(t) = 5*t - 3. What is the tens digit of r(m)?
2
Let j = 148 - -1950. What is the thousands digit of j?
2
Let h(a) = 2*a**3 - a**3 - 4*a**3 - 16 + 19*a**2 - 8*a + 5*a**3 - a**3. Suppose -2*z - 3*f = 41, -1 = 3*z - 3*f + 53. What is the hundreds digit of h(z)?
1
What is the tens digit of (6/7)/(12/(-489104)*-11)?
7
Let q = 402 + -414. What is the units digit of 1932*q/32*-2?
9
Suppose 0 = 266120*m - 266144*m + 173448. What is the tens digit of m?
2
Suppose -2*b - 9*c + 9668 = -4*c, 2*c + 19384 = 4*b. What is the thousands digit of b?
4
What is the units digit of (-1)/((-3)/538)*(-3 + 343 + -10)?
0
Let n(q) = 2674*q**3 - 17*q + 28. What is the units digit of n(2)?
6
Let z be (-3)/1 + 12 + -11. What is the tens digit of (-63)/(12/(-108) - z/99)?
9
Let o(h) = 20440*h - 5904. What is the hundreds digit of o(3)?
4
Let x(o) = 2*o**3 - 126*o**2 + 248*o + 151. What is the thousands digit of x(62)?
7
Let j be (1 + 3)*8/4. Let y be 54/12 + 4/j. What is the units digit of -4 + 1 - (12/(-4) - y)?
5
Suppose 3*u - 496 = -4*b, u + 4*u = 2*b - 274. What is the units digit of b?
7
Let k be -464 + (1 + (-3)/2)*2. Let f = k + 1198. What is the hundreds digit of f?
7
Let v = -220 + 225. Suppose -7*p + 56 = -4*p - 4*t, -4*t = -v*p + 96. What is the tens digit of p?
2
Let f = 89471 + -10964. What is the hundreds digit of f?
5
Suppose -7*o + 26 = -2620. Suppose 0 = 2*c - o - 154. What is the units digit of c?
6
Let s(w) = -18*w + 18. Let t(p) = -38*p + 45. Let o(b) = -9*s(b) + 4*t(b). Suppose -51 = -5*u + 4. What is the hundreds digit of o(u)?
1
Suppose -142 = 2*y + 906. What is the units digit of y*(-7 - -6) - -4?
8
Let j(m) = -m**2 - 21*m + 6. Let f be j(-15). Suppose -2*g - g = -f. Suppose 264 = 2*a - g. What is the units digit of a?
8
Suppose -64374 - 92026 = -10*f. Suppose 15*c + 5*c = f. What is the tens digit of c?
8
Suppose 3919769 = 265*m - 2604531. What is the tens digit of m?
2
Suppose -6*w + 5*w + 8992 = 2*r, -17984 = -4*r - 3*w. What is the units digit of r?
6
Suppose -1707667 = -265*s + 444485 + 275513. What is the thousands digit of s?
9
Let q be 3570/(-28) + 1 + 21/(-6). What is the tens digit of (-16)/(-12) + (3 - q/6)?
2
Suppose 2736*c - 2723*c = 886990. What is the tens digit of c?
3
Let g be (-6)/1 + (46 - 41). What is the units digit of 1*-1516*(g + 18/24)?
9
Let u = 51478 + -35285. What is the tens digit of u?
9
Let y be (-10 - (-190)/20)/(1/2). What is the hundreds digit of ((-62)/(-2))/(y/(-10))?
3
Suppose -2*y = 3*o + 673, y - 88 + 457 = 5*o. Let q = y + 680. What is the units digit of q?
6
Suppose -2*d + 265 - 257 = 0. Suppose -d*v = -3*y + 138, 5*y + v - 2*v = 247. What is the units digit of y?
0
What is the thousands digit of 2 + (-3)/21 + (224736/7 - 3)?
2
Suppose t = u + 4, -5*t = -2*u - 3 - 5. Let h = -21 + 25. Suppose 2*b + 494 = -t*x + 3*x, h*x = 5*b + 647. What is the hundreds digit of x?
1
Suppose -9*a = -256255 + 56203. Suppose -a = -7*z + 5737. Suppose z = 16*u + 779. What is the units digit of u?
1
Let q(d) = -d**2 - 3*d. Let w(a) = a - 16. Let t be w(15). Let x be q(t). Suppose -7*i + x*i + 600 = 0. What is the tens digit of i?
2
Suppose -375*f + 372*f + 9 = 0. Suppose 8*q - 5681 = f*q + 2*l, -q = 3*l - 1126. What is the units digit of q?
5
Let y(c) = 18*c + 5. Let u be y(7). Let t = u + -23. What is the hundreds digit of t?
1
Let y = -16645 - -33578. What is the units digit of y?
3
Let h = 35248 + -30605. What is the tens digit of h?
4
Suppose -14*i + 45 = -305. Let k = -18 + i. What is the units digit of (-7 - -6)/((-1)/k)?
7
Let w = 745 + -739. What is the tens digit of (-270530)/(-52)*w/15?
8
Let w(q) = 74 - 397*q - 4*q**2 + 354*q + 2*q**2 + q**2. What is the hundreds digit of w(-32)?
4
Suppose -3*f - 1196 = -c - 7*f, 2*c = 4*f + 2392. Suppose 5*w - 3*w = c. What is the hundreds digit of w?
5
Let o(z) = z**2 + z - 5. Let n be (-5)/(-30) - 538/(-12). Let x = -55 + n. What is the units digit of o(x)?
5
What is the thousands digit of 2450 - 84/6*14/28?
2
What is the units digit of (-4918)/((44/(-8))/(-11))*-2?
2
Suppose g = 21*g - 34*g + 54236. What is the thousands digit of g?
3
Suppose 46*s = 70*s - 48. What is the thousands digit of s + 6 + -8 + 1267?
1
Suppose 140*l + 105090 = 150*l. What is the units digit of l?
9
Let k(r) = 4*r**3 - 6*r**2 + r - 46. Let w be k(6). Let j =